{"id":2,"date":"2022-10-26T16:38:40","date_gmt":"2022-10-26T14:38:40","guid":{"rendered":"http:\/\/radiopq.cluster028.hosting.ovh.net\/?page_id=2"},"modified":"2023-03-13T11:21:30","modified_gmt":"2023-03-13T10:21:30","slug":"page-d-exemple","status":"publish","type":"page","link":"https:\/\/radiophonies.art\/","title":{"rendered":""},"content":{"rendered":"\t\t<div data-elementor-type=\"wp-page\" data-elementor-id=\"2\" class=\"elementor elementor-2\">\n\t\t\t\t\t\t<section class=\"elementor-section elementor-top-section elementor-element elementor-element-7126406 elementor-section-boxed elementor-section-height-default elementor-section-height-default\" data-id=\"7126406\" data-element_type=\"section\" data-e-type=\"section\">\n\t\t\t\t\t\t<div class=\"elementor-container elementor-column-gap-default\">\n\t\t\t\t\t<div class=\"elementor-column elementor-col-100 elementor-top-column elementor-element elementor-element-662f97f\" data-id=\"662f97f\" data-element_type=\"column\" data-e-type=\"column\">\n\t\t\t<div class=\"elementor-widget-wrap elementor-element-populated\">\n\t\t\t\t\t\t<div class=\"elementor-element elementor-element-9a15938 elementor-widget elementor-widget-spacer\" data-id=\"9a15938\" data-element_type=\"widget\" data-e-type=\"widget\" data-widget_type=\"spacer.default\">\n\t\t\t\t<div class=\"elementor-widget-container\">\n\t\t\t\t\t\t\t<div class=\"elementor-spacer\">\n\t\t\t<div class=\"elementor-spacer-inner\"><\/div>\n\t\t<\/div>\n\t\t\t\t\t\t<\/div>\n\t\t\t\t<\/div>\n\t\t\t\t\t<\/div>\n\t\t<\/div>\n\t\t\t\t\t<\/div>\n\t\t<\/section>\n\t\t\t\t<section class=\"elementor-section elementor-top-section elementor-element elementor-element-4613729 elementor-section-height-min-height elementor-section-items-top elementor-section-boxed elementor-section-height-default\" data-id=\"4613729\" data-element_type=\"section\" data-e-type=\"section\">\n\t\t\t\t\t\t<div class=\"elementor-container elementor-column-gap-default\">\n\t\t\t\t\t<div class=\"elementor-column elementor-col-50 elementor-top-column elementor-element elementor-element-c2ff3f3\" data-id=\"c2ff3f3\" data-element_type=\"column\" data-e-type=\"column\">\n\t\t\t<div class=\"elementor-widget-wrap elementor-element-populated\">\n\t\t\t\t\t\t<div class=\"elementor-element elementor-element-e51c2d2 elementor-widget elementor-widget-shortcode\" data-id=\"e51c2d2\" data-element_type=\"widget\" data-e-type=\"widget\" data-widget_type=\"shortcode.default\">\n\t\t\t\t<div class=\"elementor-widget-container\">\n\t\t\t\t\t\t\t<div class=\"elementor-shortcode\"><iframe  src=\"https:\/\/player.radioking.io\/radiophonies\/?c=%232ED573&c2=%23ffffff&f=v&i=0&p=0&s=1&li=0&popup=1&plc=0&h=365&l=275&v=2\" style=\"border-radius: 5px; width: 275px; height: 365px; -webkit-box-shadow: 0px 0px 20px 0px rgba(0,0,0,0.3);-moz-box-shadow: 0px 0px 20px 0px rgba(0,0,0,0.3);box-shadow: 0px 0px 20px 0px rgba(0,0,0,0.3);\" frameBorder=\"0\" ><\/iframe><script type=\"text\/javascript\" src=\"https:\/\/player.radioking.io\/scripts\/iframe.bundle.js\"><\/script><\/div>\n\t\t\t\t\t\t<\/div>\n\t\t\t\t<\/div>\n\t\t\t\t<div class=\"elementor-element elementor-element-35019af elementor-align-left elementor-widget__width-inherit elementor-widget elementor-widget-button\" data-id=\"35019af\" data-element_type=\"widget\" data-e-type=\"widget\" data-widget_type=\"button.default\">\n\t\t\t\t<div class=\"elementor-widget-container\">\n\t\t\t\t\t\t\t\t\t<div class=\"elementor-button-wrapper\">\n\t\t\t\t\t<a class=\"elementor-button elementor-button-link elementor-size-sm\" href=\"mailto:postmaster@radiophonies.art\">\n\t\t\t\t\t\t<span class=\"elementor-button-content-wrapper\">\n\t\t\t\t\t\t\t\t\t<span class=\"elementor-button-text\">contact<\/span>\n\t\t\t\t\t<\/span>\n\t\t\t\t\t<\/a>\n\t\t\t\t<\/div>\n\t\t\t\t\t\t\t\t<\/div>\n\t\t\t\t<\/div>\n\t\t\t\t\t<\/div>\n\t\t<\/div>\n\t\t\t\t<div class=\"elementor-column elementor-col-50 elementor-top-column elementor-element elementor-element-8b9a9d2\" data-id=\"8b9a9d2\" data-element_type=\"column\" data-e-type=\"column\">\n\t\t\t<div class=\"elementor-widget-wrap elementor-element-populated\">\n\t\t\t\t\t\t<div class=\"elementor-element elementor-element-c9c5337 elementor-widget elementor-widget-text-editor\" data-id=\"c9c5337\" data-element_type=\"widget\" data-e-type=\"widget\" data-widget_type=\"text-editor.default\">\n\t\t\t\t<div class=\"elementor-widget-container\">\n\t\t\t\t\t\t\t\t\t<p>Radiophonies est un flux continu de lectures, sons, musiques, po\u00e8mes, chansons r\u00e9alis\u00e9s par des artistes de diff\u00e9rentes g\u00e9n\u00e9rations et disciplines.<\/p>\t\t\t\t\t\t\t\t<\/div>\n\t\t\t\t<\/div>\n\t\t\t\t<div class=\"elementor-element elementor-element-fb02dfa elementor-widget elementor-widget-text-editor\" data-id=\"fb02dfa\" data-element_type=\"widget\" data-e-type=\"widget\" data-widget_type=\"text-editor.default\">\n\t\t\t\t<div class=\"elementor-widget-container\">\n\t\t\t\t\t\t\t\t\t<p>Radiophonies is a continuous flow of readings, sounds, music, poems, songs produced by artists from all walks of life.<\/p>\t\t\t\t\t\t\t\t<\/div>\n\t\t\t\t<\/div>\n\t\t\t\t<div class=\"elementor-element elementor-element-e7d5346 elementor-widget elementor-widget-text-editor\" data-id=\"e7d5346\" data-element_type=\"widget\" data-e-type=\"widget\" data-widget_type=\"text-editor.default\">\n\t\t\t\t<div class=\"elementor-widget-container\">\n\t\t\t\t\t\t\t\t\t<p>Les contributions sont de:<\/p>\t\t\t\t\t\t\t\t<\/div>\n\t\t\t\t<\/div>\n\t\t\t\t<div class=\"elementor-element elementor-element-fa5355a elementor-widget elementor-widget-text-editor\" data-id=\"fa5355a\" data-element_type=\"widget\" data-e-type=\"widget\" data-widget_type=\"text-editor.default\">\n\t\t\t\t<div class=\"elementor-widget-container\">\n\t\t\t\t\t\t\t\t\t<p>With contributions by:<\/p><p>Jade Jouvin, Violaine Lochu, Fr\u00e9d\u00e9ric Bigot, Baxter Halter, Jean-Luc Verna, Aur\u00e9lie Briday, B\u00e9atrice Lussol, Jo\u00ebl Hubaut, Lydie Jean-Dit-Pannel, Amentia Brochard, Tania Mouraud, Pierre Petit, Charles Pennequin, Jean-Baptiste Ganne, Lionel Fernandez, Marie Limojoux, Sub-Merci, Nicolas Clair, Pedro Rocha, Soja Auer, Eliott Jean-Dit-Pannel, France, Natalia de Mello et Patrick Codenys, Valentina Traianova, Antoine Dufeu, Anna Byskov, Anna und OpenAI, J\u00e9r\u00e9mie Nicolas, Patrice Blouin, France, Simon H\u00e9rody, Ian Svevonius,\u00a0 Christoph Rothmeier, Boy Game, Lisa Perez ft Th\u00e9o Bonnet, Th\u00e9o Bonnet, Heja Deniz, Massimiliano Baldassarri d&rsquo;apr\u00e8s Alexandra Guillot, Antoine Decombes, Hippolyne Nonn et d&rsquo;autres \u00e0 venir.. (and more to come&#8230;)<\/p><p>\u00a0<\/p><p>L&rsquo;Orchestre Inharmonique de Nice (LOIN) avec Lee Ranaldo, avec Jean-Marc Montera, avec Jean-Marc Foussat, avec Claire Gapenne alias Terrine, avec Xavier Boussiron, avec Elodie Lesourd et Lionel Fernandez, avec Charlemagne Palestine, avec Etienne Jaumet, avec Pedro Rocha&#8230;<\/p><p>\u00a0<\/p><p>\u00a0<\/p><p>\u00a0<\/p><p>\u00a0<\/p><p>\u00a0<\/p><p>\u00a0<\/p><p>\u00a0<\/p><div>\u00a0<\/div>\t\t\t\t\t\t\t\t<\/div>\n\t\t\t\t<\/div>\n\t\t\t\t\t<\/div>\n\t\t<\/div>\n\t\t\t\t\t<\/div>\n\t\t<\/section>\n\t\t\t\t<section class=\"elementor-section elementor-top-section elementor-element elementor-element-bb6fccc elementor-section-boxed elementor-section-height-default elementor-section-height-default\" data-id=\"bb6fccc\" data-element_type=\"section\" data-e-type=\"section\">\n\t\t\t\t\t\t<div class=\"elementor-container elementor-column-gap-wider\">\n\t\t\t\t\t<div class=\"elementor-column elementor-col-50 elementor-top-column elementor-element elementor-element-ddc5d10\" data-id=\"ddc5d10\" data-element_type=\"column\" data-e-type=\"column\">\n\t\t\t<div class=\"elementor-widget-wrap elementor-element-populated\">\n\t\t\t\t\t\t<div class=\"elementor-element elementor-element-cf43dd8 elementor-widget elementor-widget-heading\" data-id=\"cf43dd8\" data-element_type=\"widget\" data-e-type=\"widget\" data-widget_type=\"heading.default\">\n\t\t\t\t<div class=\"elementor-widget-container\">\n\t\t\t\t\t<h2 class=\"elementor-heading-title elementor-size-medium\">Ce que vous avez rat\u00e9 sur Radiophonies :<br><br><br><br><br><br><br><br><br><br><\/h2>\t\t\t\t<\/div>\n\t\t\t\t<\/div>\n\t\t\t\t\t<\/div>\n\t\t<\/div>\n\t\t\t\t<div class=\"elementor-column elementor-col-50 elementor-top-column elementor-element elementor-element-ae67780\" data-id=\"ae67780\" data-element_type=\"column\" data-e-type=\"column\">\n\t\t\t<div class=\"elementor-widget-wrap elementor-element-populated\">\n\t\t\t\t\t\t<div class=\"elementor-element elementor-element-f452bc4 elementor-widget elementor-widget-image\" data-id=\"f452bc4\" data-element_type=\"widget\" data-e-type=\"widget\" data-widget_type=\"image.default\">\n\t\t\t\t<div class=\"elementor-widget-container\">\n\t\t\t\t\t\t\t\t\t\t\t\t\t\t\t<img fetchpriority=\"high\" decoding=\"async\" width=\"724\" height=\"1024\" src=\"https:\/\/radiophonies.art\/wp-content\/uploads\/2023\/03\/une-nuit-de-lectures-724x1024.jpg\" class=\"attachment-large size-large wp-image-496\" alt=\"\" srcset=\"https:\/\/radiophonies.art\/wp-content\/uploads\/2023\/03\/une-nuit-de-lectures-724x1024.jpg 724w, https:\/\/radiophonies.art\/wp-content\/uploads\/2023\/03\/une-nuit-de-lectures-212x300.jpg 212w, https:\/\/radiophonies.art\/wp-content\/uploads\/2023\/03\/une-nuit-de-lectures-768x1086.jpg 768w, https:\/\/radiophonies.art\/wp-content\/uploads\/2023\/03\/une-nuit-de-lectures.jpg 842w\" sizes=\"(max-width: 724px) 100vw, 724px\" \/>\t\t\t\t\t\t\t\t\t\t\t\t\t\t\t<\/div>\n\t\t\t\t<\/div>\n\t\t\t\t<div class=\"elementor-element elementor-element-f03ff22 elementor-widget elementor-widget-heading\" data-id=\"f03ff22\" data-element_type=\"widget\" data-e-type=\"widget\" data-widget_type=\"heading.default\">\n\t\t\t\t<div class=\"elementor-widget-container\">\n\t\t\t\t\t<h2 class=\"elementor-heading-title elementor-size-small\">une nuit de lectures 15 d\u00e9cembre 2022<\/h2>\t\t\t\t<\/div>\n\t\t\t\t<\/div>\n\t\t\t\t\t<\/div>\n\t\t<\/div>\n\t\t\t\t\t<\/div>\n\t\t<\/section>\n\t\t\t\t<section class=\"elementor-section elementor-top-section elementor-element elementor-element-0aa9bb2 elementor-section-boxed elementor-section-height-default elementor-section-height-default\" data-id=\"0aa9bb2\" data-element_type=\"section\" data-e-type=\"section\">\n\t\t\t\t\t\t<div class=\"elementor-container elementor-column-gap-default\">\n\t\t\t\t\t<div class=\"elementor-column elementor-col-100 elementor-top-column elementor-element elementor-element-b25e6e3\" data-id=\"b25e6e3\" data-element_type=\"column\" data-e-type=\"column\">\n\t\t\t<div class=\"elementor-widget-wrap elementor-element-populated\">\n\t\t\t\t\t\t<div class=\"elementor-element elementor-element-76d8809 elementor-widget elementor-widget-spacer\" data-id=\"76d8809\" data-element_type=\"widget\" data-e-type=\"widget\" data-widget_type=\"spacer.default\">\n\t\t\t\t<div class=\"elementor-widget-container\">\n\t\t\t\t\t\t\t<div class=\"elementor-spacer\">\n\t\t\t<div class=\"elementor-spacer-inner\"><\/div>\n\t\t<\/div>\n\t\t\t\t\t\t<\/div>\n\t\t\t\t<\/div>\n\t\t\t\t\t<\/div>\n\t\t<\/div>\n\t\t\t\t\t<\/div>\n\t\t<\/section>\n\t\t\t\t<section class=\"elementor-section elementor-top-section elementor-element elementor-element-5c94170 elementor-section-boxed elementor-section-height-default elementor-section-height-default\" data-id=\"5c94170\" data-element_type=\"section\" data-e-type=\"section\">\n\t\t\t\t\t\t<div class=\"elementor-container elementor-column-gap-no\">\n\t\t\t\t\t<div class=\"elementor-column elementor-col-50 elementor-top-column elementor-element elementor-element-66c985b\" data-id=\"66c985b\" data-element_type=\"column\" data-e-type=\"column\">\n\t\t\t<div class=\"elementor-widget-wrap elementor-element-populated\">\n\t\t\t\t\t\t<div class=\"elementor-element elementor-element-d9f6e89 elementor-align-left elementor-widget elementor-widget-button\" data-id=\"d9f6e89\" data-element_type=\"widget\" data-e-type=\"widget\" data-widget_type=\"button.default\">\n\t\t\t\t<div class=\"elementor-widget-container\">\n\t\t\t\t\t\t\t\t\t<div class=\"elementor-button-wrapper\">\n\t\t\t\t\t<a class=\"elementor-button elementor-button-link elementor-size-lg\" href=\"#\">\n\t\t\t\t\t\t<span class=\"elementor-button-content-wrapper\">\n\t\t\t\t\t\t\t\t\t<span class=\"elementor-button-text\">les oeuvres<\/span>\n\t\t\t\t\t<\/span>\n\t\t\t\t\t<\/a>\n\t\t\t\t<\/div>\n\t\t\t\t\t\t\t\t<\/div>\n\t\t\t\t<\/div>\n\t\t\t\t\t<\/div>\n\t\t<\/div>\n\t\t\t\t<div class=\"elementor-column elementor-col-50 elementor-top-column elementor-element elementor-element-ab12556\" data-id=\"ab12556\" data-element_type=\"column\" data-e-type=\"column\">\n\t\t\t<div class=\"elementor-widget-wrap elementor-element-populated\">\n\t\t\t\t\t\t<div class=\"elementor-element elementor-element-8d8f522 elementor-widget elementor-widget-text-editor\" data-id=\"8d8f522\" data-element_type=\"widget\" data-e-type=\"widget\" data-widget_type=\"text-editor.default\">\n\t\t\t\t<div class=\"elementor-widget-container\">\n\t\t\t\t\t\t\t\t\t<p>Plus de choix \u00e0 venir bient\u00f4t \/ more to come soon<\/p>\t\t\t\t\t\t\t\t<\/div>\n\t\t\t\t<\/div>\n\t\t\t\t\t<\/div>\n\t\t<\/div>\n\t\t\t\t\t<\/div>\n\t\t<\/section>\n\t\t\t\t<section class=\"elementor-section elementor-top-section elementor-element elementor-element-317288a elementor-section-boxed elementor-section-height-default elementor-section-height-default\" data-id=\"317288a\" data-element_type=\"section\" data-e-type=\"section\">\n\t\t\t\t\t\t<div class=\"elementor-container elementor-column-gap-default\">\n\t\t\t\t\t<div class=\"elementor-column elementor-col-100 elementor-top-column elementor-element elementor-element-f21a741\" data-id=\"f21a741\" data-element_type=\"column\" data-e-type=\"column\">\n\t\t\t<div class=\"elementor-widget-wrap elementor-element-populated\">\n\t\t\t\t\t\t<div class=\"elementor-element elementor-element-4385d5b elementor-widget elementor-widget-text-editor\" data-id=\"4385d5b\" data-element_type=\"widget\" data-e-type=\"widget\" data-widget_type=\"text-editor.default\">\n\t\t\t\t<div class=\"elementor-widget-container\">\n\t\t\t\t\t\t\t\t\t<audio class=\"wp-audio-shortcode\" id=\"audio-2-1\" preload=\"none\" style=\"width: 100%;\" controls=\"controls\"><source type=\"audio\/mpeg\" src=\"https:\/\/radiophonies.art\/wp-content\/uploads\/2022\/11\/LOIN_Concert_Villa-Arson-21-Juin-2011.mp3?_=1\" \/><a href=\"https:\/\/radiophonies.art\/wp-content\/uploads\/2022\/11\/LOIN_Concert_Villa-Arson-21-Juin-2011.mp3\">https:\/\/radiophonies.art\/wp-content\/uploads\/2022\/11\/LOIN_Concert_Villa-Arson-21-Juin-2011.mp3<\/a><\/audio><p>LOIN Concert \u00e0 l&rsquo;ENSA Villa Arson Nice FR Juin 2011<\/p><audio class=\"wp-audio-shortcode\" id=\"audio-2-2\" preload=\"none\" style=\"width: 100%;\" controls=\"controls\"><source type=\"audio\/mpeg\" src=\"https:\/\/radiophonies.art\/wp-content\/uploads\/2022\/11\/LOIN-Lee-Ranaldo-face-A.mp3?_=2\" \/><a href=\"https:\/\/radiophonies.art\/wp-content\/uploads\/2022\/11\/LOIN-Lee-Ranaldo-face-A.mp3\">https:\/\/radiophonies.art\/wp-content\/uploads\/2022\/11\/LOIN-Lee-Ranaldo-face-A.mp3<\/a><\/audio><p>LOIN + Lee Ranaldo Concert \u00e0 l&rsquo;ENSA Villa Arson Nice FR Avril 2014\u00a0 pt1\/2<\/p><audio class=\"wp-audio-shortcode\" id=\"audio-2-3\" preload=\"none\" style=\"width: 100%;\" controls=\"controls\"><source type=\"audio\/mpeg\" src=\"https:\/\/radiophonies.art\/wp-content\/uploads\/2022\/11\/LOIN-Lee-Ranaldoface-B.mp3?_=3\" \/><a href=\"https:\/\/radiophonies.art\/wp-content\/uploads\/2022\/11\/LOIN-Lee-Ranaldoface-B.mp3\">https:\/\/radiophonies.art\/wp-content\/uploads\/2022\/11\/LOIN-Lee-Ranaldoface-B.mp3<\/a><\/audio><p>LOIN + Lee Ranaldo Concert \u00e0 l&rsquo;ENSA Villa Arson Nice FR Avril 2014\u00a0 pt2\/2<\/p><audio class=\"wp-audio-shortcode\" id=\"audio-2-4\" preload=\"none\" style=\"width: 100%;\" controls=\"controls\"><source type=\"audio\/mpeg\" src=\"https:\/\/radiophonies.art\/wp-content\/uploads\/2022\/10\/LOINJean-Marc-Montera-pt-1-concert-Villa-Arson-2015.mp3?_=4\" \/><a href=\"https:\/\/radiophonies.art\/wp-content\/uploads\/2022\/10\/LOINJean-Marc-Montera-pt-1-concert-Villa-Arson-2015.mp3\">https:\/\/radiophonies.art\/wp-content\/uploads\/2022\/10\/LOINJean-Marc-Montera-pt-1-concert-Villa-Arson-2015.mp3<\/a><\/audio><p>LOIN + Jean-Marc Montera jouent 4\/6 de J. Cage Concert \u00e0 l&rsquo;ENSA Villa Arson Nice FR Avril 2015\u00a0 pt1\/2<\/p><audio class=\"wp-audio-shortcode\" id=\"audio-2-5\" preload=\"none\" style=\"width: 100%;\" controls=\"controls\"><source type=\"audio\/mpeg\" src=\"https:\/\/radiophonies.art\/wp-content\/uploads\/2022\/10\/LOINJean-Marc-Montera-pt-2-concert-Villa-Arson-2015.mp3?_=5\" \/><a href=\"https:\/\/radiophonies.art\/wp-content\/uploads\/2022\/10\/LOINJean-Marc-Montera-pt-2-concert-Villa-Arson-2015.mp3\">https:\/\/radiophonies.art\/wp-content\/uploads\/2022\/10\/LOINJean-Marc-Montera-pt-2-concert-Villa-Arson-2015.mp3<\/a><\/audio><p>LOIN + Jean-Marc Montera jouent 4\/6 de J. Cage Concert \u00e0 l&rsquo;ENSA Villa Arson Nice FR Avril 2015\u00a0 pt2\/2<\/p><audio class=\"wp-audio-shortcode\" id=\"audio-2-6\" preload=\"none\" style=\"width: 100%;\" controls=\"controls\"><source type=\"audio\/mpeg\" src=\"https:\/\/radiophonies.art\/wp-content\/uploads\/2022\/10\/LOINBoussiron_concert.mp3?_=6\" \/><a href=\"https:\/\/radiophonies.art\/wp-content\/uploads\/2022\/10\/LOINBoussiron_concert.mp3\">https:\/\/radiophonies.art\/wp-content\/uploads\/2022\/10\/LOINBoussiron_concert.mp3<\/a><\/audio><p>LOIN + Xavier Boussiron Concert \u00e0 l&rsquo;ENSA Villa Arson Nice FR Avril 2016<\/p><audio class=\"wp-audio-shortcode\" id=\"audio-2-7\" preload=\"none\" style=\"width: 100%;\" controls=\"controls\"><source type=\"audio\/mpeg\" src=\"https:\/\/radiophonies.art\/wp-content\/uploads\/2022\/10\/LOINEtienne-Jaumet-avr2018.mp3?_=7\" \/><a href=\"https:\/\/radiophonies.art\/wp-content\/uploads\/2022\/10\/LOINEtienne-Jaumet-avr2018.mp3\">https:\/\/radiophonies.art\/wp-content\/uploads\/2022\/10\/LOINEtienne-Jaumet-avr2018.mp3<\/a><\/audio><p>LOIN + Etienne Jaumet Concert \u00e0 l&rsquo;ENSA Villa Arson Nice FR Avril 2017<\/p><audio class=\"wp-audio-shortcode\" id=\"audio-2-8\" preload=\"none\" style=\"width: 100%;\" controls=\"controls\"><source type=\"audio\/mpeg\" src=\"https:\/\/radiophonies.art\/wp-content\/uploads\/2022\/11\/LOIN-Foussat-face-A.mp3?_=8\" \/><a href=\"https:\/\/radiophonies.art\/wp-content\/uploads\/2022\/11\/LOIN-Foussat-face-A.mp3\">https:\/\/radiophonies.art\/wp-content\/uploads\/2022\/11\/LOIN-Foussat-face-A.mp3<\/a><\/audio><p>LOIN + Jean-Marc Foussat Concert \u00e0 l&rsquo;ENSA Villa Arson Nice FR Avril 2018\u00a0 pt1\/2<\/p><audio class=\"wp-audio-shortcode\" id=\"audio-2-9\" preload=\"none\" style=\"width: 100%;\" controls=\"controls\"><source type=\"audio\/mpeg\" src=\"https:\/\/radiophonies.art\/wp-content\/uploads\/2022\/11\/LOIN-Foussat-Face-B.mp3?_=9\" \/><a href=\"https:\/\/radiophonies.art\/wp-content\/uploads\/2022\/11\/LOIN-Foussat-Face-B.mp3\">https:\/\/radiophonies.art\/wp-content\/uploads\/2022\/11\/LOIN-Foussat-Face-B.mp3<\/a><\/audio><p>LOIN + Jean-Marc Foussat Concert \u00e0 l&rsquo;ENSA Villa Arson Nice FR Avril 2018\u00a0 pt2\/2<\/p><audio class=\"wp-audio-shortcode\" id=\"audio-2-10\" preload=\"none\" style=\"width: 100%;\" controls=\"controls\"><source type=\"audio\/mpeg\" src=\"https:\/\/radiophonies.art\/wp-content\/uploads\/2022\/10\/LOINTerrine-concert-Villa-Arson-2019.mp3?_=10\" \/><a href=\"https:\/\/radiophonies.art\/wp-content\/uploads\/2022\/10\/LOINTerrine-concert-Villa-Arson-2019.mp3\">https:\/\/radiophonies.art\/wp-content\/uploads\/2022\/10\/LOINTerrine-concert-Villa-Arson-2019.mp3<\/a><\/audio><p>LOIN + Terrine ( aka Claire Gapenne) Concert \u00e0 l&rsquo;ENSA Villa Arson Nice FR Avril 2019<\/p><audio class=\"wp-audio-shortcode\" id=\"audio-2-11\" preload=\"none\" style=\"width: 100%;\" controls=\"controls\"><source type=\"audio\/mpeg\" src=\"https:\/\/radiophonies.art\/wp-content\/uploads\/2022\/11\/LOIN-Charlemagne-Palestine-concert-a-lENSA-vila-arson-nice-mars-21.mp3?_=11\" \/><a href=\"https:\/\/radiophonies.art\/wp-content\/uploads\/2022\/11\/LOIN-Charlemagne-Palestine-concert-a-lENSA-vila-arson-nice-mars-21.mp3\">https:\/\/radiophonies.art\/wp-content\/uploads\/2022\/11\/LOIN-Charlemagne-Palestine-concert-a-lENSA-vila-arson-nice-mars-21.mp3<\/a><\/audio><p>\u00a0<\/p><p>LOIN + Charlemagne Palestine Concert \u00e0 l&rsquo;ENSA Villa Arson Nice FR Mars 2020<\/p><audio class=\"wp-audio-shortcode\" id=\"audio-2-12\" preload=\"none\" style=\"width: 100%;\" controls=\"controls\"><source type=\"audio\/mpeg\" src=\"https:\/\/radiophonies.art\/wp-content\/uploads\/2022\/11\/LOIN_Fernandez_Lesourd.mp3?_=12\" \/><a href=\"https:\/\/radiophonies.art\/wp-content\/uploads\/2022\/11\/LOIN_Fernandez_Lesourd.mp3\">https:\/\/radiophonies.art\/wp-content\/uploads\/2022\/11\/LOIN_Fernandez_Lesourd.mp3<\/a><\/audio><p>LOIN + Elodie Lesourd &amp; Lionel Fernandez Concert \u00e0 l&rsquo;ENSA Villa Arson Nice FR Octobre 2021<\/p><audio class=\"wp-audio-shortcode\" id=\"audio-2-13\" preload=\"none\" style=\"width: 100%;\" controls=\"controls\"><source type=\"audio\/mpeg\" src=\"https:\/\/radiophonies.art\/wp-content\/uploads\/2022\/10\/concert-LOINRocha-mix.mp3?_=13\" \/><a href=\"https:\/\/radiophonies.art\/wp-content\/uploads\/2022\/10\/concert-LOINRocha-mix.mp3\">https:\/\/radiophonies.art\/wp-content\/uploads\/2022\/10\/concert-LOINRocha-mix.mp3<\/a><\/audio><p>LOIN + Pedro Rocha\u00a0 Concert \u00e0 l&rsquo;ENSA Villa Arson Nice FR Avril 2022<\/p><p>\u00a0<\/p>\t\t\t\t\t\t\t\t<\/div>\n\t\t\t\t<\/div>\n\t\t\t\t\t<\/div>\n\t\t<\/div>\n\t\t\t\t\t<\/div>\n\t\t<\/section>\n\t\t\t\t<\/div>\n\t\t","protected":false},"excerpt":{"rendered":"<p>contact Radiophonies est un flux continu de lectures, sons, musiques, po\u00e8mes, chansons r\u00e9alis\u00e9s par des artistes de diff\u00e9rentes g\u00e9n\u00e9rations et disciplines. Radiophonies is a continuous flow of readings, sounds, music, poems, songs produced by artists from all walks of life. Les contributions sont de: With contributions by: Jade Jouvin, Violaine Lochu, Fr\u00e9d\u00e9ric Bigot, Baxter Halter, [&hellip;]<\/p>\n","protected":false},"author":1,"featured_media":0,"parent":0,"menu_order":0,"comment_status":"closed","ping_status":"open","template":"","meta":{"footnotes":""},"class_list":["post-2","page","type-page","status-publish","hentry"],"_links":{"self":[{"href":"https:\/\/radiophonies.art\/index.php\/wp-json\/wp\/v2\/pages\/2","targetHints":{"allow":["GET"]}}],"collection":[{"href":"https:\/\/radiophonies.art\/index.php\/wp-json\/wp\/v2\/pages"}],"about":[{"href":"https:\/\/radiophonies.art\/index.php\/wp-json\/wp\/v2\/types\/page"}],"author":[{"embeddable":true,"href":"https:\/\/radiophonies.art\/index.php\/wp-json\/wp\/v2\/users\/1"}],"replies":[{"embeddable":true,"href":"https:\/\/radiophonies.art\/index.php\/wp-json\/wp\/v2\/comments?post=2"}],"version-history":[{"count":348,"href":"https:\/\/radiophonies.art\/index.php\/wp-json\/wp\/v2\/pages\/2\/revisions"}],"predecessor-version":[{"id":515,"href":"https:\/\/radiophonies.art\/index.php\/wp-json\/wp\/v2\/pages\/2\/revisions\/515"}],"wp:attachment":[{"href":"https:\/\/radiophonies.art\/index.php\/wp-json\/wp\/v2\/media?parent=2"}],"curies":[{"name":"wp","href":"https:\/\/api.w.org\/{rel}","templated":true}]}}